1869 composite?
False
Is 7101671 prime?
True
Is 293803969 prime?
True
Is 9908939 prime?
True
Is 358247 prime?
False
Is 5110787 a prime number?
False
Is 1676167 a prime number?
True
Is 585541 a composite number?
True
Is 165877529 a prime number?
True
Is 98530277 prime?
True
Is 32216083 prime?
False
Is 293963 a prime number?
False
Is 1063966 composite?
True
Is 20843287 prime?
True
Is 73396087 composite?
True
Is 57486179 composite?
False
Is 20767001 a composite number?
True
Is 45441449 a prime number?
False
Is 1858997 prime?
False
Is 119529407 a prime number?
False
Is 4405703 prime?
False
Is 3119297 composite?
True
Is 258035693 composite?
True
Is 7403593 prime?
True
Is 106859563 composite?
False
Is 11033921 a composite number?
False
Is 13930721 a prime number?
False
Is 3184091 a composite number?
False
Is 66935833 a prime number?
False
Is 25254403 a composite number?
False
Is 3157897 a composite number?
True
Is 8934391 composite?
False
Is 34633583 composite?
True
Is 7385831 composite?
False
Is 4915381 composite?
True
Is 40168411 prime?
True
Is 332813411 composite?
True
Is 67798793 prime?
True
Is 2080509703 a composite number?
False
Is 741383 composite?
True
Is 177235855 a composite number?
True
Is 554849639 prime?
True
Is 101058842 a prime number?
False
Is 638021627 prime?
True
Is 18626063 a prime number?
True
Is 20330977 composite?
True
Is 21755801 a composite number?
True
Is 11132953 composite?
True
Is 1730489 prime?
False
Is 19459873 a composite number?
False
Is 21665405 composite?
True
Is 115396999 a prime number?
False
Is 22308547 prime?
True
Is 249322319 prime?
True
Is 5145493 prime?
True
Is 32557739 a prime number?
True
Is 2113609 a prime number?
True
Is 20659399 a composite number?
True
Is 30475763 prime?
True
Is 1084829818 composite?
True
Is 130003 a prime number?
True
Is 423164717 a prime number?
True
Is 9055835 a prime number?
False
Is 46264759 a composite number?
False
Is 101262841 composite?
False
Is 27219187 prime?
True
Is 596209859 composite?
True
Is 224963 a composite number?
True
Is 2254823 prime?
False
Is 5800537 a composite number?
False
Is 232291 prime?
False
Is 1834229 a prime number?
True
Is 203260939 prime?
False
Is 199432927 a composite number?
False
Is 753013 composite?
True
Is 404976595 composite?
True
Is 9595733 a prime number?
False
Is 4091197 composite?
True
Is 23471741 composite?
False
Is 14779571 prime?
False
Is 625116743 prime?
True
Is 114184247 a composite number?
False
Is 1840246 a prime number?
False
Is 143913533 prime?
True
Is 2160953 a prime number?
True
Is 263929345 a prime number?
False
Is 135261517 a prime number?
False
Is 3541247 prime?
False
Is 3718657 a prime number?
True
Is 8507267 a prime number?
True
Is 6446305 prime?
False
Is 10543699 a composite number?
False
Is 4974647 composite?
True
Is 4585277 prime?
False
Is 161297287 prime?
False
Is 331549679 a composite number?
False
Is 42872041 a prime number?
True
Is 214793 composite?
True
Is 3328291 prime?
True
Is 186882697 a prime number?
False
Is 272925547 composite?
False
Is 290426453 prime?
False
Is 71593723 a composite number?
False
Is 465660451 a prime number?
False
Is 5642783 a prime number?
True
Is 61821941 a composite number?
False
Is 1840561 a prime number?
True
Is 7026419 composite?
True
Is 10297489 a composite number?
False
Is 76407803 a composite number?
False
Is 3997129 a composite number?
False
Is 1068437 a composite number?
False
Is 265767 prime?
False
Is 16312733 composite?
True
Is 6551497 prime?
True
Is 140640977 a composite number?
False
Is 25139965 prime?
False
Is 78255917 a prime number?
True
Is 1301407 a composite number?
True
Is 2523071 composite?
False
Is 67804823 prime?
False
Is 104826803 composite?
True
Is 46472737 a composite number?
False
Is 667949 prime?
True
Is 2822591 prime?
False
Is 213218659 a composite number?
True
Is 23556691 composite?
False
Is 14886415 a prime number?
False
Is 1327561 a composite number?
False
Is 3329251 composite?
False
Is 44565739 a composite number?
True
Is 267095537 composite?
True
Is 5219441 prime?
True
Is 3551699 prime?
True
Is 163601 composite?
False
Is 2659931 a prime number?
True
Is 1017412847 a composite number?
True
Is 1567715 a composite number?
True
Is 412960993 a prime number?
True
Is 51030631 a prime number?
True
Is 91513 a prime number?
True
Is 3315413 composite?
True
Is 4130803 prime?
True
Is 56507509 a composite number?
True
Is 3735617 a composite number?
False
Is 6623873 prime?
True
Is 16516207 a prime number?
True
Is 91727339 prime?
False
Is 409513927 a prime number?
True
Is 3220873 composite?
False
Is 70789579 prime?
False
Is 266371669 prime?
False
Is 14906861 a prime number?
True
Is 26449751 prime?
True
Is 26866687 a prime number?
False
Is 95068577 a composite number?
True
Is 39075899 composite?
False
Is 32402317 a prime number?
False
Is 62025783 composite?
True
Is 460029959 a prime number?
True
Is 3878447 prime?
True
Is 46113403 a prime number?
False
Is 613395287 a prime number?
False
Is 5827169 a prime number?
True
Is 4079963 composite?
False
Is 10145411 prime?
False
Is 26533621 composite?
True
Is 2557601 composite?
False
Is 214922501 a composite number?
True
Is 12076387 composite?
False
Is 68752871 prime?
False
Is 15728671 prime?
False
Is 237707 composite?
False
Is 40282313 composite?
True
Is 15996311 composite?
False
Is 8119469 prime?
True
Is 5139263 a prime number?
False
Is 310645649 composite?
True
Is 159041399 a prime number?
False
Is 328268089 composite?
True
Is 176419967 a composite number?
False
Is 649559 composite?
False
Is 129459413 a prime number?
False
Is 553277 a composite number?
False
Is 11854147 prime?
True
Is 2625587 a prime number?
True
Is 97000961 a prime number?
False
Is 1291751 composite?
True
Is 3385961 a prime number?
True
Is 43646513 prime?
True
Is 23781319 a composite number?
True
Is 185713631 a prime number?
True
Is 129152297 a composite number?
True
Is 14264399 composite?
False
Is 41112887 composite?
False
Is 435713839 prime?
False
Is 64438813 a prime number?
True
Is 103619503 composite?
True
Is 10750279 a prime number?
True
Is 9868217 composite?
False
Is 5789659 a prime number?
True
Is 2121101 prime?
False
Is 847829 composite?
True
Is 1329805 a composite number?
True
Is 8854423 composite?
False
Is 409907 a prime number?
False
Is 6156539 prime?
True
Is 569346681 composite?
True
Is 111140131 prime?
True
Is 6095545 prime?
False
Is 71785687 composite?
False
Is 23262163 composite?
True
Is 3196757 a prime number?
False
Is 12406217 a composite number?
False
Is 46164589 prime?
True
Is 487080461 a prime number?
False
Is 324579119 prime?
False
Is 266238047 composite?
True
Is 153460997 a prime number?
True
Is 9280603 a prime number?
True
Is 22264289 a composite number?
True
Is 5962907 composite?
False
Is 8100221 prime?
False
Is 9473881 a prime number?
False
Is 223243511 a prime number?
True
Is 414251 a composite number?
True
Is 27552227 composite?
False
Is 132034751 a prime number?
False
Is 177070037 composite?
False
Is 127237042 prime?
False
Is 12372859 a composite number?
False
Is 35446435 composite?
True
Is 44801921 a prime number?
True
Is 31501879 composite?
False
Is 1538353 prime?
True
Is 351842602 a prime number?
False
Is 930727 a composite number?
True
Is 2296499 a prime number?
False
Is 5722463 prime?
False
Is 280393093 composite?
False
Is 54706199 prime?
False
Is 17228597 prime?
True
Is 14886437 a composite number?
False
Is 77391761 prime?
True
Is 1005161 prime?
True
Is 350686969 composite?
False
Is 7810301 composite?
False
Is 46675066 a prime number?
False
Is 23449037 composite?
False
Is 32655943 a composite number?
True
Is 355543403 a composite number?
False
Is 421591 a prime number?
False
Is 904463 a prime number?
False
Is 6185857 a prime number?
True
Is 2481137 prime?
True
Is 20492371 a prime number?
True
Is 24336595 prime?
False
Is 2229323 composite?
True
Is 7358329 composite?
True
Is 82199209 prime?
True
Is 16695681 a prime number?
False
Is 205282201 composite?
False
Is 95189 a composite number?
False
Is 8517257 composite?
True
Is 1322949 composite?
True
Is 7144679 a composite number?
True
Is 1725173 composite?
False
Is 4554181 a prime number?
False
Is 3956231 prime?
False
Is 5081294719 prime?
True
Is 687849 a composite number?
True
Is 5101489 